it of 1520?
0
What is the tens digit of 168?
6
What is the tens digit of 56?
5
What is the tens digit of 21666?
6
What is the hundreds digit of 20416?
4
What is the units digit of 46058?
8
What is the units digit of 246?
6
What is the ten thousands digit of 21907?
2
What is the tens digit of 619?
1
What is the tens digit of 1835?
3
What is the tens digit of 18665?
6
What is the units digit of 33998?
8
What is the units digit of 1759?
9
What is the thousands digit of 116927?
6
What is the ten thousands digit of 35501?
3
What is the units digit of 50464?
4
What is the units digit of 987?
7
What is the units digit of 622?
2
What is the units digit of 1179?
9
What is the hundreds digit of 2927?
9
What is the units digit of 7790?
0
What is the units digit of 143971?
1
What is the ten thousands digit of 54437?
5
What is the units digit of 1926?
6
What is the thousands digit of 13364?
3
What is the hundreds digit of 8314?
3
What is the units digit of 4030?
0
What is the units digit of 38628?
8
What is the thousands digit of 1704?
1
What is the thousands digit of 13351?
3
What is the thousands digit of 3612?
3
What is the thousands digit of 9705?
9
What is the hundreds digit of 13855?
8
What is the thousands digit of 138128?
8
What is the hundreds digit of 583?
5
What is the tens digit of 3295?
9
What is the thousands digit of 9215?
9
What is the thousands digit of 7560?
7
What is the thousands digit of 2604?
2
What is the units digit of 852?
2
What is the units digit of 784?
4
What is the thousands digit of 16019?
6
What is the tens digit of 4601?
0
What is the ten thousands digit of 47254?
4
What is the units digit of 171?
1
What is the units digit of 5007?
7
What is the tens digit of 1721?
2
What is the units digit of 22625?
5
What is the hundreds digit of 9049?
0
What is the units digit of 3316?
6
What is the hundreds digit of 553?
5
What is the tens digit of 3073?
7
What is the ten thousands digit of 21014?
2
What is the tens digit of 1767?
6
What is the thousands digit of 1105?
1
What is the tens digit of 80796?
9
What is the tens digit of 40129?
2
What is the hundreds digit of 427?
4
What is the hundreds digit of 331?
3
What is the thousands digit of 25197?
5
What is the units digit of 1293?
3
What is the tens digit of 5654?
5
What is the tens digit of 329?
2
What is the hundreds digit of 2096?
0
What is the tens digit of 81992?
9
What is the ten thousands digit of 28606?
2
What is the tens digit of 4694?
9
What is the thousands digit of 9348?
9
What is the tens digit of 705?
0
What is the units digit of 4805?
5
What is the hundreds digit of 2336?
3
What is the units digit of 5047?
7
What is the thousands digit of 58509?
8
What is the hundreds digit of 87752?
7
What is the hundreds digit of 558?
5
What is the tens digit of 85?
8
What is the tens digit of 28391?
9
What is the hundreds digit of 10216?
2
What is the units digit of 3308?
8
What is the ten thousands digit of 16193?
1
What is the units digit of 703?
3
What is the hundreds digit of 3081?
0
What is the tens digit of 2494?
9
What is the units digit of 28087?
7
What is the units digit of 26364?
4
What is the units digit of 3087?
7
What is the hundreds digit of 9335?
3
What is the units digit of 77153?
3
What is the units digit of 7495?
5
What is the tens digit of 86664?
6
What is the hundreds digit of 2988?
9
What is the ten thousands digit of 20467?
2
What is the hundreds digit of 4847?
8
What is the thousands digit of 2018?
2
What is the tens digit of 9717?
1
What is the hundreds digit of 1117?
1
What is the tens digit of 1210?
1
What is the hundreds digit of 622?
6
What is the tens digit of 4065?
6
What is the units digit of 2962?
2
What is the tens digit of 2069?
6
What is the hundreds digit of 3668?
6
What is the tens digit of 2814?
1
What is the hundreds digit of 18481?
4
What is the hundreds digit of 16291?
2
What is the tens digit of 1313?
1
What is the ten thousands digit of 135923?
3
What is the tens digit of 569?
6
What is the ten thousands digit of 48617?
4
What is the thousands digit of 4701?
4
What is the hundreds digit of 15392?
3
What is the tens digit of 40463?
6
What is the units digit of 354?
4
What is the thousands digit of 1817?
1
What is the units digit of 484?
4
What is the thousands digit of 2112?
2
What is the units digit of 688?
8
What is the hundreds digit of 14572?
5
What is the tens digit of 559?
5
What is the thousands digit of 3210?
3
What is the units digit of 70359?
9
What is the units digit of 13220?
0
What is the thousands digit of 60250?
0
What is the thousands digit of 1201?
1
What is the hundreds digit of 3252?
2
What is the units digit of 177?
7
What is the tens digit of 2334?
3
What is the units digit of 122?
2
What is the hundreds digit of 210?
2
What is the tens digit of 5055?
5
What is the units digit of 62?
2
What is the hundreds digit of 1838?
8
What is the hundreds digit of 34697?
6
What is the hundreds digit of 21346?
3
What is the units digit of 325?
5
What is the units digit of 60?
0
What is the ten thousands digit of 12432?
1
What is the tens digit of 254?
5
What is the hundreds digit of 15378?
3
What is the hundreds digit of 4911?
9
What is the hundreds digit of 6312?
3
What is the hundreds digit of 4011?
0
What is the thousands digit of 1485?
1
What is the units digit of 1806?
6
What is the thousands digit of 2239?
2
What is the tens digit of 10265?
6
What is the hundred thousands digit of 152746?
1
What is the thousands digit of 4416?
4
What is the units digit of 26095?
5
What is the hundreds digit of 44031?
0
What is the thousands digit of 25712?
5
What is the hundreds digit of 13909?
9
What is the hundreds digit of 86644?
6
What is the hundreds digit of 1100?
1
What is the hundreds digit of 55402?
4
What is the tens digit of 20?
2
What is the hundreds digit of 209?
2
What is the units digit of 14240?
0
What is the units digit of 5085?
5
What is the hundreds digit of 447?
4
What is the units digit of 98986?
6
What is the tens digit of 22489?
8
What is the hundreds digit of 151551?
5
What is the hundreds digit of 562?
5
What is the tens digit of 849?
4
What is the thousands digit of 1640?
1
What is the tens digit of 76429?
2
What is the ten thousands digit of 91448?
9
What is the thousands digit of 6779?
6
What is the units digit of 7040?
0
What is the units digit of 27437?
7
What is the hundreds digit of 25325?
3
What is the tens digit of 16595?
9
What is the units digit of 897?
7
What is the hundreds digit of 1082?
0
What is the units digit of 2786?
6
What is the thousands digit of 1367?
1
What is the units digit of 48246?
6
What is the hundreds digit of 22185?
1
What is the tens digit of 646?
4
What is the hundreds digit of 807?
8
What is the tens digit of 53436?
3
What is the hundreds digit of 78679?
6
What is the hundreds digit of 7315?
3
What is the units digit of 997?
7
What is the hundreds digit of 155?
1
What is the thousands digit of 2824?
2
What is the units digit of 3171?
1
What is the hundreds digit of 1260?
2
What is the tens digit of 3897?
9
What is the thousands digit of 13097?
3
What is the units digit of 1430?
0
What is the hundreds digit of 91435?
4
What is the thousands digit of 37073?
7
What is the hundreds digit of 36023?
0
What is the tens digit of 11022?
2
What is the thousands digit of 17310?
7
What is the units digit of 6219?
9
What is the hundreds digit of 6991?
9
What is the units digit of 6410?
0
What is the tens digit of 1252?
5
What is the hundreds digit of 35505?
5
What is the units digit of 1051?
1
What is the hundreds digit of 1181?
1
What is the hundreds digit of 1627?
6
What is the hundreds digit of 774?
7
What is the units digit of 10726?
6
What is the units digit of 32947?
7
What is the hundreds digit of 1144?
1
What is the units digit of 15506?
6
What is the thousands digit of 17693?
7
What is the tens digit of 53?
5
What is the units digit of 8729?
9
What is the hundreds digit of 1328?
3
What is the hundreds digit of 28549?
5
What is the tens digit of 60022?
2
What is the tens digit of 56?
5
What is the units digit of 938?
8
What is the tens digit of 15323?
2
What is the tens digit of 37?
3
What is the tens digit of 7571?
7
What is the hundreds digit of 7567?
5
What is the units digit of 161